 remainder when 29 is divided by a?
5
Let r(p) = 4*p + 21. Suppose 2*g - 12 = 32. Let l = 3 + g. What is the remainder when r(7) is divided by l?
24
Suppose -20 = 5*u - 5. Let f(w) = -3*w + 1. What is the remainder when f(-2) is divided by 5 - (9/u - -4)?
3
Let r = 88 - 58. Let x = 55 - r. Calculate the remainder when (5 - 152)/(5/10 + -2) is divided by x.
23
Let q = 343 - 290. What is the remainder when q is divided by 27?
26
Suppose -12*m - 21*m + 561 = 0. Calculate the remainder when 47 is divided by m.
13
Suppose 4*t + 45 = 9*t. Suppose -4*s - v + 62 = -35, 5*v - 5 = 0. What is the remainder when s is divided by t?
6
Let p(l) = l**3 - l**2 - 14*l + 1373. Calculate the remainder when p(0) is divided by 86.
83
Let r be -42*10/15 - -1. What is the remainder when 6/(-27) + (-3057)/r is divided by 29?
26
Let d = 1 + 21. Suppose 2*z + d = 3*z. Let m(a) = 4*a**2 + 3*a. Calculate the remainder when m(-5) is divided by z.
19
Suppose 0 = -5*b - 5*d + 105, 5*b + d - 3*d = 133. Calculate the remainder when 199 is divided by b.
24
Suppose 1 - 5 = -2*l, -4*y - 3*l = -94. Calculate the remainder when 8/4*(32 - 1) is divided by y.
18
Suppose 2*q + 3*u - 18 = 0, 4*u = -q - 4 + 3. Calculate the remainder when 1*-3*118/(-6) is divided by q.
14
Suppose -h - 195 = -4*m, 5*m + 4*h = -0*h + 270. Calculate the remainder when 142 is divided by m.
42
Suppose -4*x = -24*g + 27*g - 62, -2*x = -2*g + 18. What is the remainder when 51 is divided by g?
9
Let z be 2*(-1 - (-26)/4). Suppose z = -u + 32. What is the remainder when 40 is divided by u?
19
Let h = 9 - 5. Suppose h*m + 18 = 66. What is the remainder when 27 is divided by (m/9)/(4/30)?
7
Let g(y) be the first derivative of -9*y**2/2 - 13*y + 10. Calculate the remainder when g(-7) is divided by 26.
24
Suppose 7*k - 142 = -128. Calculate the remainder when 10 is divided by k.
0
Let r = -213 + 227. What is the remainder when 33 is divided by r?
5
Let q(u) = 14*u + 63. What is the remainder when q(5) is divided by 57?
19
Calculate the remainder when 422 is divided by (16 + -14)/(6/159).
51
Suppose 0 = -64*m + 75*m - 341. Calculate the remainder when 44 is divided by m.
13
Let r = 41 - 31. Let q(h) = h**3 + 5*h**2 + 2*h - 5. Let w be q(-4). Suppose 12 = w*v + v. What is the remainder when r is divided by v?
1
Suppose 0 = -6*f + 3*f + 1827. Suppose -7*n + f = 91. What is the remainder when n is divided by 19?
17
Suppose -6*m + 10*m - 12 = 0. Suppose 3 = -m*q + 2*q. Let w(v) = -v + 10. What is the remainder when w(q) is divided by 5?
3
Suppose p = -3*v - v - 1, 0 = -p - v + 2. Suppose p*u = 3*r - 255, u - 3*u = -4*r + 332. Calculate the remainder when r is divided by 21.
18
Let l(v) = -v**3 - 12*v**2 - 6*v - 3. Let h be l(-11). Let j = -6 - h. Suppose 17 = d - 1. Calculate the remainder when j is divided by d.
16
Let b(z) = -8*z - 188. Calculate the remainder when 178 is divided by b(-24).
2
Let r be 1 - (-5)/((-15)/(-6)). Suppose 6*n = r*n + 33. Calculate the remainder when 21 is divided by n.
10
Suppose -3*o - 7*o = -500. Let h(u) = 3*u + 7. Let g be h(10). Suppose -4*k = -k - m - 41, m = -3*k + g. Calculate the remainder when o is divided by k.
11
Let w = 93 + -69. What is the remainder when (-141)/(-3 - 0/5) is divided by w?
23
Let d = -128 - -145. Let r(m) = m**2 + m - 1. Let w be r(2). Let y = d - w. What is the remainder when y is divided by 5?
2
Suppose f = 148 + 17. Suppose -10*v + f = 5*v. Calculate the remainder when 20 is divided by v.
9
Let i(v) = -v - 6. Let o = 18 + -12. Let b be i(o). Let d(z) = z**3 + 13*z**2 + 9*z - 4. Calculate the remainder when 61 is divided by d(b).
29
Let k be (-50)/((-1 + 5)/(-8)). Suppose j - 4*d - 14 = 0, -4*j + 5*d - 33 = -k. What is the remainder when 69 is divided by j?
15
Suppose 0 = -4*v + 16 + 16. Suppose 56*x - 54*x + 3*p - 12 = 0, -5*x + 44 = 4*p. What is the remainder when x is divided by v?
4
Let l(r) = r + 6. Suppose 5*g + 0*v = 3*v + 31, -2*g = -4*v - 18. What is the remainder when 43 is divided by l(g)?
10
Suppose 4*r - u + 188 = 0, 0 = -3*r - 2*u + 6*u - 154. Let m = 71 + r. What is the remainder when (12/10)/((-3)/(-180)) is divided by m?
22
Suppose -3 = 5*o - 78. Calculate the remainder when 2 is divided by ((-3)/o)/((-1)/5).
0
Suppose 0 = -m + 2*m - 31. Let h(t) = -129*t - 8. Calculate the remainder when h(-1) is divided by m.
28
Suppose 0 = -4*t - 3*x + 51, 5*t - 4*t = x + 4. What is the remainder when 42 is divided by t?
6
Suppose -w + 65 = -q, 345 = -3*q - 2*q + w. Let z = q + 149. Suppose -3 = 4*u - z. Calculate the remainder when u is divided by 10.
9
Suppose -3*o = 2*a - 57, -7 + 63 = 4*o - 4*a. What is the remainder when 50 is divided by o?
16
Let c(a) = -144*a**2 + 3*a + 5*a + 145*a**2 - 2. Calculate the remainder when 60 is divided by c(3).
29
Suppose 0 = 152*g - 148*g - 600. Let u = -143 + g. What is the remainder when u is divided by 4/(3 - (1 - 0))?
1
Let t(w) = w + 293. Calculate the remainder when t(-23) is divided by 10/30 - 232/(-6).
36
Let v = 106 - 66. Suppose -3*a + 182 = -v. Let i = 173 - a. Calculate the remainder when i is divided by 25.
24
Suppose 165 = b + 4*b. Let j = b - 23. What is the remainder when 37 is divided by (-485)/(-25) - 4/j?
18
Suppose 0*z - 38 = 2*z. Let f = z + 22. Suppose -4 = -4*h - 5*k, 5*h = -k - 0*k + 26. What is the remainder when h is divided by f?
0
Suppose 3*a - 554 = -2*a + 2*c, 4*c + 8 = 0. What is the remainder when a is divided by 14?
12
Let l = 4 + -10. Let u = 10 + l. Suppose o + 3 - u = 0. Calculate the remainder when o is divided by 1.
0
Suppose 4*c = 4*k - 18 - 26, 5*k + 3*c = 55. Calculate the remainder when 648 is divided by k.
10
Let k(q) = 3*q**2 + 8*q - 266. Calculate the remainder when k(11) is divided by 45.
5
Suppose -9 = -3*u - 4*t + 40, 0 = -3*u + 4*t + 41. What is the remainder when u is divided by 9?
6
Suppose -17*p - 3420 = -55*p. What is the remainder when 167 is divided by p?
77
Let a(f) = -5*f**3 - 3*f**2 + 3*f - 2. Let l be a(2). Let b = -27 - l. Calculate the remainder when 102 is divided by b.
18
What is the remainder when (-1 + 79)/(28 - 26) is divided by 6?
3
Suppose 0 = 440*k - 442*k + 244. Calculate the remainder when 235 is divided by k.
113
Let j = 74 - 46. Let h = 36 - j. Calculate the remainder when 47 is divided by h.
7
Suppose -v = -n - 96, 6*v - v + 4*n = 489. Calculate the remainder when v is divided by 21.
13
Suppose 11*p - 13*p = -118. Let g = p + -25. Calculate the remainder when g is divided by 12.
10
Calculate the remainder when 77 is divided by (-4)/(-20)*(-15 + 30).
2
Suppose 6*x - 1365 = 333. What is the remainder when x is divided by 75?
58
Let s be 4/26 + (-4)/26. Suppose -m = -s*m. Suppose 3*a - 43 - 44 = m. Calculate the remainder when a is divided by 8.
5
Let o = -690 + 792. Calculate the remainder when o is divided by 64.
38
Let m(b) = b + 1. Let v be m(5). What is the remainder when (-6*v/(-4))/((-9)/(-48)) is divided by 17?
14
Let p = -57 - 101. Let f = 740 - 509. Let t = f + p. Calculate the remainder when t is divided by 25.
23
Let x = 58 - 27. Let k be ((-1)/2)/(1/(-134)). Suppose 3*y - 32 = -4*w, 5*w - 4*y + y - k = 0. What is the remainder when x is divided by w?
9
Let i(k) = 42*k + 1. Suppose -2*j + 30 = -0*j. Suppose j = 5*r - 4*r. What is the remainder when i(1) is divided by r?
13
Let q(s) = -8*s - 135. Calculate the remainder when 59 is divided by q(-19).
8
Suppose 2*a - 4*d - 68 = a, 5*a - 5*d - 295 = 0. What is the remainder when a is divided by ((-3)/(30/8) + -6)/(2/(-5))?
5
Calculate the remainder when (-43)/((-5)/25*0 + -1) is divided by 4.
3
Suppose 2*w - 4*m - 56 = 0, 2*w + 5*m - 62 = -w. Calculate the remainder when 78 is divided by w.
6
Suppose -2*x = 31 - 81. What is the remainder when 171 is divided by x?
21
What is the remainder when ((-244)/(-6))/((-4)/(-6)) is divided by 30/(-6)*(-5)/((-75)/(-63))?
19
Let w = -92 - -156. Calculate the remainder when w is divided by 1275/55 - (-4)/(-22).
18
Suppose 0 = 4*z + q - 68 + 20, 5*q = 2*z - 24. What is the remainder when (-861)/(-15) - (-4)/(-10) is divided by z?
9
Suppose 4*f - 204 = -2*u, 3*f + 47*u - 160 = 49*u. Calculate the remainder when 1972 is divided by f.
48
Let i = -3603 - -3610. Let d = 44 + -31. Calculate the remainder when d is divided by i.
6
Let s(i) = 6*i + 102. Let p 